{"id":2699,"date":"2022-07-15T23:35:04","date_gmt":"2022-07-15T21:35:04","guid":{"rendered":"https:\/\/inklusiva.info\/rueckblick-inklusiva-2016\/"},"modified":"2023-12-08T17:14:46","modified_gmt":"2023-12-08T15:14:46","slug":"rueckblick-inklusiva-2016","status":"publish","type":"page","link":"https:\/\/old.inklusiva.org\/ls\/rueckblick-inklusiva-2016\/","title":{"rendered":"R\u00fcckblick INKLUSIVA-2016"},"content":{"rendered":"<div class=\"fusion-fullwidth fullwidth-box fusion-builder-row-1 has-pattern-background has-mask-background nonhundred-percent-fullwidth non-hundred-percent-height-scrolling\" style=\"--awb-border-radius-top-left:0px;--awb-border-radius-top-right:0px;--awb-border-radius-bottom-right:0px;--awb-border-radius-bottom-left:0px;--awb-flex-wrap:wrap;\" ><div class=\"fusion-builder-row fusion-row\"><div class=\"fusion-layout-column fusion_builder_column fusion-builder-column-0 fusion_builder_column_1_1 1_1 fusion-one-full fusion-column-first fusion-column-last\" style=\"--awb-bg-size:cover;\"><div class=\"fusion-column-wrapper fusion-column-has-shadow fusion-flex-column-wrapper-legacy\"><div class=\"fusion-title title fusion-title-1 fusion-title-center fusion-title-text fusion-title-size-two\" style=\"--awb-text-color:#064ea3;--awb-sep-color:#064ea3;\"><div class=\"title-sep-container title-sep-container-left\"><div class=\"title-sep sep-single sep-solid\" style=\"border-color:#064ea3;\"><\/div><\/div><span class=\"awb-title-spacer\"><\/span><h2 class=\"fusion-title-heading title-heading-center fusion-responsive-typography-calculated\" style=\"margin:0;--fontSize:40;line-height:1.4;\">Inklusionsmesse 2016 &#8211; R\u00fcckblick<\/h2><span class=\"awb-title-spacer\"><\/span><div class=\"title-sep-container title-sep-container-right\"><div class=\"title-sep sep-single sep-solid\" style=\"border-color:#064ea3;\"><\/div><\/div><\/div><div class=\"fusion-text fusion-text-1\"><div class=\"page\" title=\"Page 2\">\n<div class=\"layoutArea\">Unter dem Motto \u201eGewusst wie!\u201c fand die 1. Inklusionsmesse Rheinland-Pfalz am 8. April 2016 im Mainzer Rathaus statt. Workshops und zahlreiche Messest\u00e4nde luden Engagierte ein, Aktivit\u00e4ten f\u00fcr die gleichberechtigte Teilhabe und die Selbstbestimmung von Menschen mit Behinderungen weiter auszubauen, sich zu vernetzen und neue Ideen zu gewinnen. Somit stand der Austausch und das \u201evoneinander Lernen\u201c im Vordergrund der Auftaktmesse.<\/div>\n<\/div>\n<\/div><div class=\"fusion-clearfix\"><\/div><\/div><\/div><\/div><\/div>\n","protected":false},"excerpt":{"rendered":"","protected":false},"author":2,"featured_media":0,"parent":0,"menu_order":0,"comment_status":"closed","ping_status":"closed","template":"","meta":{"_acf_changed":false,"footnotes":""},"mt-event-group":[],"class_list":["post-2699","page","type-page","status-publish","hentry"],"acf":[],"_links":{"self":[{"href":"https:\/\/old.inklusiva.org\/ls\/wp-json\/wp\/v2\/pages\/2699","targetHints":{"allow":["GET"]}}],"collection":[{"href":"https:\/\/old.inklusiva.org\/ls\/wp-json\/wp\/v2\/pages"}],"about":[{"href":"https:\/\/old.inklusiva.org\/ls\/wp-json\/wp\/v2\/types\/page"}],"author":[{"embeddable":true,"href":"https:\/\/old.inklusiva.org\/ls\/wp-json\/wp\/v2\/users\/2"}],"replies":[{"embeddable":true,"href":"https:\/\/old.inklusiva.org\/ls\/wp-json\/wp\/v2\/comments?post=2699"}],"version-history":[{"count":1,"href":"https:\/\/old.inklusiva.org\/ls\/wp-json\/wp\/v2\/pages\/2699\/revisions"}],"predecessor-version":[{"id":2700,"href":"https:\/\/old.inklusiva.org\/ls\/wp-json\/wp\/v2\/pages\/2699\/revisions\/2700"}],"wp:attachment":[{"href":"https:\/\/old.inklusiva.org\/ls\/wp-json\/wp\/v2\/media?parent=2699"}],"wp:term":[{"taxonomy":"mt-event-group","embeddable":true,"href":"https:\/\/old.inklusiva.org\/ls\/wp-json\/wp\/v2\/mt-event-group?post=2699"}],"curies":[{"name":"wp","href":"https:\/\/api.w.org\/{rel}","templated":true}]}}

Rückblick INKLUSIVA-2016

<div class="fusion-fullwidth fullwidth-box fusion-builder-row-1 has-pattern-background has-mask-background nonhundred-percent-fullwidth non-hundred-percent-height-scrolling" style="--awb-border-radius-top-left:0px;--awb-border-radius-top-right:0px;--awb-border-radius-bottom-right:0px;--awb-border-radius-bottom-left:0px;--awb-flex-wrap:wrap;" ><div class="fusion-builder-row fusion-row"><div class="fusion-layout-column fusion_builder_column fusion-builder-column-0 fusion_builder_column_1_1 1_1 fusion-one-full fusion-column-first fusion-column-last" style="--awb-bg-size:cover;"><div class="fusion-column-wrapper fusion-column-has-shadow fusion-flex-column-wrapper-legacy"><div class="fusion-title title fusion-title-1 fusion-title-center fusion-title-text fusion-title-size-two" style="--awb-text-color:#064ea3;--awb-sep-color:#064ea3;"><div class="title-sep-container title-sep-container-left"><div class="title-sep sep-single sep-solid" style="border-color:#064ea3;"></div></div><span class="awb-title-spacer"></span><h2 class="fusion-title-heading title-heading-center fusion-responsive-typography-calculated" style="margin:0;--fontSize:40;line-height:1.4;">Inklusionsmesse 2016 &#8211; Rückblick</h2><span class="awb-title-spacer"></span><div class="title-sep-container title-sep-container-right"><div class="title-sep sep-single sep-solid" style="border-color:#064ea3;"></div></div></div><div class="fusion-text fusion-text-1"><div class="page" title="Page 2">
<div class="layoutArea">Unter dem Motto „Gewusst wie!“ fand die 1. Inklusionsmesse Rheinland-Pfalz am 8. April 2016 im Mainzer Rathaus statt. Workshops und zahlreiche Messestände luden Engagierte ein, Aktivitäten für die gleichberechtigte Teilhabe und die Selbstbestimmung von Menschen mit Behinderungen weiter auszubauen, sich zu vernetzen und neue Ideen zu gewinnen. Somit stand der Austausch und das „voneinander Lernen“ im Vordergrund der Auftaktmesse.</div>
</div>
</div><div class="fusion-clearfix"></div></div></div></div></div>
